{"id":151,"date":"2020-07-26T19:16:44","date_gmt":"2020-07-26T22:16:44","guid":{"rendered":"https:\/\/arlsliberdade.com.br\/?page_id=151"},"modified":"2022-04-07T19:35:52","modified_gmt":"2022-04-07T22:35:52","slug":"contato","status":"publish","type":"page","link":"https:\/\/arlsliberdade.com.br\/?page_id=151","title":{"rendered":"Contato"},"content":{"rendered":"\n<h3 class=\"has-text-align-center wp-block-heading\"><strong>Para entrar em contato conosco:<\/strong><\/h3>\n\n\n\n<div class=\"wp-block-media-text alignwide is-stacked-on-mobile is-vertically-aligned-center\"><figure class=\"wp-block-media-text__media\"><img loading=\"lazy\" decoding=\"async\" width=\"575\" height=\"575\" src=\"http:\/\/arlsliberdade.com.br\/wp-content\/uploads\/2020\/07\/Logo-Liberdade-Fundo-Branco.png\" alt=\"\" class=\"wp-image-41 size-full\" srcset=\"https:\/\/arlsliberdade.com.br\/wp-content\/uploads\/2020\/07\/Logo-Liberdade-Fundo-Branco.png 575w, https:\/\/arlsliberdade.com.br\/wp-content\/uploads\/2020\/07\/Logo-Liberdade-Fundo-Branco-300x300.png 300w, https:\/\/arlsliberdade.com.br\/wp-content\/uploads\/2020\/07\/Logo-Liberdade-Fundo-Branco-150x150.png 150w\" sizes=\"auto, (max-width: 575px) 100vw, 575px\" \/><\/figure><div class=\"wp-block-media-text__content\">\n<pre class=\"wp-block-verse has-text-align-center has-medium-font-size\">Loja Ma\u00e7\u00f4nica Liberdade\nRito de York\n\nRua Jos\u00e9 Drulla Sobrinho, 361\nBairro Uberaba\n81.550-230 - Curitiba - PR\n\nE-mail: <a rel=\"noreferrer noopener\" href=\"mailto:contato@arlsliberdade.com.br\" target=\"_blank\">contato@arlsliberdade.com.br<\/a>\n\nReuni\u00f5es \u00e0s segundas-feiras - 20h\nTemplo da Fraternidade\n\nTelefone (41) 3365-1900<\/pre>\n<\/div><\/div>\n\n\n\n<div class=\"wp-block-group\"><div class=\"wp-block-group__inner-container is-layout-flow wp-block-group-is-layout-flow\">\n<hr class=\"wp-block-separator\"\/>\n<\/div><\/div>\n\n\n\n<div class=\"wp-block-media-text alignwide is-stacked-on-mobile\"><figure class=\"wp-block-media-text__media\"><img loading=\"lazy\" decoding=\"async\" width=\"419\" height=\"398\" src=\"http:\/\/arlsliberdade.com.br\/wp-content\/uploads\/2022\/04\/Logo-Frafem-GOB-PR.jpg\" alt=\"\" class=\"wp-image-315 size-full\" srcset=\"https:\/\/arlsliberdade.com.br\/wp-content\/uploads\/2022\/04\/Logo-Frafem-GOB-PR.jpg 419w, https:\/\/arlsliberdade.com.br\/wp-content\/uploads\/2022\/04\/Logo-Frafem-GOB-PR-300x285.jpg 300w\" sizes=\"auto, (max-width: 419px) 100vw, 419px\" \/><\/figure><div class=\"wp-block-media-text__content\">\n<pre class=\"wp-block-verse has-text-align-center has-medium-font-size\"><em>Fraternidade Feminina Cruzeiro do Sul<\/em>\n<em>Ac\u00e1cias da Liberdade<\/em>\n\n<em>Rua Jos\u00e9 Drulla Sobrinho, 361<\/em>\n<em>Bairro Uberaba<\/em>\n<em>81.550-230 - Curitiba - PR<\/em>\n\n<em>E-mail: <a rel=\"noreferrer noopener\" href=\"mailto:contato@arlsliberdade.com.br\" target=\"_blank\">acacias@arlsliberdade.com.br<\/a><\/em><\/pre>\n<\/div><\/div>\n","protected":false},"excerpt":{"rendered":"<p>Para entrar em contato conosco: Loja Ma\u00e7\u00f4nica Liberdade Rito de York Rua Jos\u00e9 Drulla Sobrinho, 361 Bairro Uberaba 81.550-230 &#8211; Curitiba &#8211; PR E-mail: contato@arlsliberdade.com.br Reuni\u00f5es \u00e0s segundas-feiras &#8211; 20h Templo da Fraternidade Telefone (41) 3365-1900 Fraternidade Feminina Cruzeiro do Sul Ac\u00e1cias da Liberdade Rua Jos\u00e9 Drulla Sobrinho, 361 Bairro Uberaba 81.550-230 &#8211; Curitiba -&hellip;&nbsp;<a href=\"https:\/\/arlsliberdade.com.br\/?page_id=151\" rel=\"bookmark\">Continue a ler &raquo;<span class=\"screen-reader-text\">Contato<\/span><\/a><\/p>\n","protected":false},"author":1,"featured_media":0,"parent":0,"menu_order":0,"comment_status":"closed","ping_status":"closed","template":"","meta":{"neve_meta_sidebar":"full-width","neve_meta_container":"","neve_meta_enable_content_width":"on","neve_meta_content_width":100,"neve_meta_title_alignment":"","neve_meta_author_avatar":"","neve_post_elements_order":"","neve_meta_disable_header":"","neve_meta_disable_footer":"","neve_meta_disable_title":"on","footnotes":""},"class_list":["post-151","page","type-page","status-publish","hentry"],"_links":{"self":[{"href":"https:\/\/arlsliberdade.com.br\/index.php?rest_route=\/wp\/v2\/pages\/151","targetHints":{"allow":["GET"]}}],"collection":[{"href":"https:\/\/arlsliberdade.com.br\/index.php?rest_route=\/wp\/v2\/pages"}],"about":[{"href":"https:\/\/arlsliberdade.com.br\/index.php?rest_route=\/wp\/v2\/types\/page"}],"author":[{"embeddable":true,"href":"https:\/\/arlsliberdade.com.br\/index.php?rest_route=\/wp\/v2\/users\/1"}],"replies":[{"embeddable":true,"href":"https:\/\/arlsliberdade.com.br\/index.php?rest_route=%2Fwp%2Fv2%2Fcomments&post=151"}],"version-history":[{"count":9,"href":"https:\/\/arlsliberdade.com.br\/index.php?rest_route=\/wp\/v2\/pages\/151\/revisions"}],"predecessor-version":[{"id":321,"href":"https:\/\/arlsliberdade.com.br\/index.php?rest_route=\/wp\/v2\/pages\/151\/revisions\/321"}],"wp:attachment":[{"href":"https:\/\/arlsliberdade.com.br\/index.php?rest_route=%2Fwp%2Fv2%2Fmedia&parent=151"}],"curies":[{"name":"wp","href":"https:\/\/api.w.org\/{rel}","templated":true}]}}