{"id":218,"date":"2022-04-07T09:39:23","date_gmt":"2022-04-07T12:39:23","guid":{"rendered":"https:\/\/arlsliberdade.com.br\/?page_id=218"},"modified":"2022-04-07T10:58:05","modified_gmt":"2022-04-07T13:58:05","slug":"hino-inaugural","status":"publish","type":"page","link":"https:\/\/arlsliberdade.com.br\/?page_id=218","title":{"rendered":"Hino Inaugural"},"content":{"rendered":"\n<h2 class=\"has-text-align-center wp-block-heading\"><strong>Hino Inaugural<\/strong><\/h2>\n\n\n\n<p class=\"has-text-align-center\">Salve! Deus Imortal<br>Deste mundo criador<br>Nossas preces ouve, Tu,<br>Arquiteto Sabedor.<\/p>\n\n\n\n<p class=\"has-text-align-center\">Com a ordem, bem real,<br>Nossas obras consagrar,<br>N\u00f3s pedimos, afinal,<br>Ir em paz ao terminar.<\/p>\n\n\n\n<p class=\"has-text-align-center\">Pela f\u00e9 que h\u00e1 em Ti,<br>Pelo Teu poder, tamb\u00e9m<br>Pelos m\u00edsticos sinais,<br>Ouve, Deus, nos mant\u00e9m.<\/p>\n\n\n\n<p class=\"has-text-align-center\">AM\u00c9M!<\/p>\n\n\n\n<figure class=\"wp-block-audio aligncenter\"><audio controls src=\"http:\/\/arlsliberdade.com.br\/wp-content\/uploads\/2022\/04\/Hino_Inaugural.mp3\"><\/audio><figcaption>Clique para ouvir o Hino Inaugural<\/figcaption><\/figure>\n\n\n\n<hr class=\"wp-block-separator\"\/>\n\n\n\n<p><\/p>\n","protected":false},"excerpt":{"rendered":"<p>Hino Inaugural Salve! Deus ImortalDeste mundo criadorNossas preces ouve, Tu,Arquiteto Sabedor. Com a ordem, bem real,Nossas obras consagrar,N\u00f3s pedimos, afinal,Ir em paz ao terminar. Pela f\u00e9 que h\u00e1 em Ti,Pelo Teu poder, tamb\u00e9mPelos m\u00edsticos sinais,Ouve, Deus, nos mant\u00e9m. AM\u00c9M!<\/p>\n","protected":false},"author":1,"featured_media":0,"parent":0,"menu_order":0,"comment_status":"closed","ping_status":"closed","template":"","meta":{"neve_meta_sidebar":"full-width","neve_meta_container":"","neve_meta_enable_content_width":"on","neve_meta_content_width":100,"neve_meta_title_alignment":"","neve_meta_author_avatar":"","neve_post_elements_order":"","neve_meta_disable_header":"","neve_meta_disable_footer":"","neve_meta_disable_title":"on","footnotes":""},"class_list":["post-218","page","type-page","status-publish","hentry"],"_links":{"self":[{"href":"https:\/\/arlsliberdade.com.br\/index.php?rest_route=\/wp\/v2\/pages\/218","targetHints":{"allow":["GET"]}}],"collection":[{"href":"https:\/\/arlsliberdade.com.br\/index.php?rest_route=\/wp\/v2\/pages"}],"about":[{"href":"https:\/\/arlsliberdade.com.br\/index.php?rest_route=\/wp\/v2\/types\/page"}],"author":[{"embeddable":true,"href":"https:\/\/arlsliberdade.com.br\/index.php?rest_route=\/wp\/v2\/users\/1"}],"replies":[{"embeddable":true,"href":"https:\/\/arlsliberdade.com.br\/index.php?rest_route=%2Fwp%2Fv2%2Fcomments&post=218"}],"version-history":[{"count":6,"href":"https:\/\/arlsliberdade.com.br\/index.php?rest_route=\/wp\/v2\/pages\/218\/revisions"}],"predecessor-version":[{"id":259,"href":"https:\/\/arlsliberdade.com.br\/index.php?rest_route=\/wp\/v2\/pages\/218\/revisions\/259"}],"wp:attachment":[{"href":"https:\/\/arlsliberdade.com.br\/index.php?rest_route=%2Fwp%2Fv2%2Fmedia&parent=218"}],"curies":[{"name":"wp","href":"https:\/\/api.w.org\/{rel}","templated":true}]}}