{"id":228,"date":"2022-04-07T09:47:10","date_gmt":"2022-04-07T12:47:10","guid":{"rendered":"https:\/\/arlsliberdade.com.br\/?page_id=228"},"modified":"2022-04-07T10:58:31","modified_gmt":"2022-04-07T13:58:31","slug":"hino-vesperal","status":"publish","type":"page","link":"https:\/\/arlsliberdade.com.br\/?page_id=228","title":{"rendered":"Hino Vesperal"},"content":{"rendered":"\n<h2 class=\"has-text-align-center wp-block-heading\"><strong>Hino Vesperal<\/strong><\/h2>\n\n\n\n<p class=\"has-text-align-center\">Com trabalho, dia findo.<br>Evitemos todo o mal.<br>Artes m\u00edsticas guardando<br>Cora\u00e7\u00e3o sempre leal.<\/p>\n\n\n\n<p class=\"has-text-align-center\">Deus Tu que \u00e9s infinito<br>Amas toda a cria\u00e7\u00e3o,<br>Nossa Ordem aben\u00e7oa<br>Sob a Tua prote\u00e7\u00e3o.<\/p>\n\n\n\n<p class=\"has-text-align-center\">Vimos todos sempre humildes,<br>Nossas preces ofertar,<br>\u00c0 Gl\u00f3ria do Supremo<br>Arquiteto, exaltar.<\/p>\n\n\n\n<p class=\"has-text-align-center\">AM\u00c9M!<\/p>\n\n\n\n<figure class=\"wp-block-audio aligncenter\"><audio controls src=\"http:\/\/arlsliberdade.com.br\/wp-content\/uploads\/2022\/04\/Hino_Vesperal-1.mp3\"><\/audio><figcaption>Clique para ouvir o Hino Vesperal<\/figcaption><\/figure>\n\n\n\n<hr class=\"wp-block-separator\"\/>\n","protected":false},"excerpt":{"rendered":"<p>Hino Vesperal Com trabalho, dia findo.Evitemos todo o mal.Artes m\u00edsticas guardandoCora\u00e7\u00e3o sempre leal. Deus Tu que \u00e9s infinitoAmas toda a cria\u00e7\u00e3o,Nossa Ordem aben\u00e7oaSob a Tua prote\u00e7\u00e3o. Vimos todos sempre humildes,Nossas preces ofertar,\u00c0 Gl\u00f3ria do SupremoArquiteto, exaltar. AM\u00c9M!<\/p>\n","protected":false},"author":1,"featured_media":0,"parent":0,"menu_order":0,"comment_status":"closed","ping_status":"closed","template":"","meta":{"neve_meta_sidebar":"full-width","neve_meta_container":"","neve_meta_enable_content_width":"on","neve_meta_content_width":100,"neve_meta_title_alignment":"","neve_meta_author_avatar":"","neve_post_elements_order":"","neve_meta_disable_header":"","neve_meta_disable_footer":"","neve_meta_disable_title":"on","footnotes":""},"class_list":["post-228","page","type-page","status-publish","hentry"],"_links":{"self":[{"href":"https:\/\/arlsliberdade.com.br\/index.php?rest_route=\/wp\/v2\/pages\/228","targetHints":{"allow":["GET"]}}],"collection":[{"href":"https:\/\/arlsliberdade.com.br\/index.php?rest_route=\/wp\/v2\/pages"}],"about":[{"href":"https:\/\/arlsliberdade.com.br\/index.php?rest_route=\/wp\/v2\/types\/page"}],"author":[{"embeddable":true,"href":"https:\/\/arlsliberdade.com.br\/index.php?rest_route=\/wp\/v2\/users\/1"}],"replies":[{"embeddable":true,"href":"https:\/\/arlsliberdade.com.br\/index.php?rest_route=%2Fwp%2Fv2%2Fcomments&post=228"}],"version-history":[{"count":3,"href":"https:\/\/arlsliberdade.com.br\/index.php?rest_route=\/wp\/v2\/pages\/228\/revisions"}],"predecessor-version":[{"id":261,"href":"https:\/\/arlsliberdade.com.br\/index.php?rest_route=\/wp\/v2\/pages\/228\/revisions\/261"}],"wp:attachment":[{"href":"https:\/\/arlsliberdade.com.br\/index.php?rest_route=%2Fwp%2Fv2%2Fmedia&parent=228"}],"curies":[{"name":"wp","href":"https:\/\/api.w.org\/{rel}","templated":true}]}}