{"id":242,"date":"2022-04-07T10:21:21","date_gmt":"2022-04-07T13:21:21","guid":{"rendered":"https:\/\/arlsliberdade.com.br\/?page_id=242"},"modified":"2022-04-14T18:57:58","modified_gmt":"2022-04-14T21:57:58","slug":"hino-maconico-brasileiro","status":"publish","type":"page","link":"https:\/\/arlsliberdade.com.br\/?page_id=242","title":{"rendered":"Hino Ma\u00e7\u00f4nico Brasileiro"},"content":{"rendered":"\n<h2 class=\"has-text-align-center wp-block-heading\">Hino Ma\u00e7\u00f4nico Brasileiro<\/h2>\n\n\n\n<p class=\"has-text-align-center\">Da luz, que si difunde, sagrada filosofia<br>surgiu no mundo assombrado, a pura ma\u00e7onaria.<\/p>\n\n\n\n<p class=\"has-text-align-center\">Ma\u00e7ons alerta, tende firmeza<br>vingai direitos, da natureza.<br>Da raz\u00e3o, parte sublime, sacros cultos merecia<br>altos her\u00f3is adoraram, a pura ma\u00e7onaria.<\/p>\n\n\n\n<p class=\"has-text-align-center\">Ma\u00e7ons alerta, tende firmeza<br>vingai direitos, da natureza.<br>Da raz\u00e3o, suntuoso templo, um grande rei erigia,<br>foi ent\u00e3o institu\u00edda, a pura ma\u00e7onaria.<\/p>\n\n\n\n<p class=\"has-text-align-center\">Ma\u00e7ons alerta, tende firmeza<br>vingai direitos, da natureza.<br>Nobres inventos n\u00e3o morrem, vencem do tempo a porfia<br>h\u00e1 de os s\u00e9culos afrontar, a pura ma\u00e7onaria.<\/p>\n\n\n\n<p class=\"has-text-align-center\">Ma\u00e7ons alerta, tende firmeza<br>vingai direitos, da natureza.<br>Humanos sacros direito, que calcar\u00e1 a tirania<br>Vai ufana restaurando, a pura ma\u00e7onaria.<\/p>\n\n\n\n<p class=\"has-text-align-center\">Ma\u00e7ons alerta, tende firmeza<br>vingai direitos, da natureza.<br>Da luz deposito augusto, recatando \u00e0 hipocrisia<br>Guarda em si com zelo santo, a pura ma\u00e7onaria.<\/p>\n\n\n\n<p class=\"has-text-align-center\">Ma\u00e7ons alerta, tende firmeza<br>vingai direitos, da natureza.<br>Cautelosa, esconde e nega, a profana a gente \u00edmpia<br>Seus mist\u00e9rios majestosos, a pura ma\u00e7onaria.<\/p>\n\n\n\n<p class=\"has-text-align-center\">Ma\u00e7ons alerta, tende firmeza<br>vingai direitos, da natureza.<br>Do mundo o Grande Arquiteto, que o mesmo mundo alumia<br>Prop\u00edcio protege, ampara, a pura ma\u00e7onaria.<\/p>\n\n\n\n<p class=\"has-text-align-center\">Ma\u00e7ons alerta, tende firmeza<br>vingai direitos, da natureza.<\/p>\n\n\n\n<figure class=\"wp-block-audio aligncenter\"><audio controls src=\"http:\/\/arlsliberdade.com.br\/wp-content\/uploads\/2022\/04\/Hino_Maconaria.mp3\"><\/audio><figcaption>Clique para ouvir o Hino Ma\u00e7\u00f4nico Brasileiro<\/figcaption><\/figure>\n\n\n\n<hr class=\"wp-block-separator\"\/>\n","protected":false},"excerpt":{"rendered":"<p>Hino Ma\u00e7\u00f4nico Brasileiro Da luz, que si difunde, sagrada filosofiasurgiu no mundo assombrado, a pura ma\u00e7onaria. Ma\u00e7ons alerta, tende firmezavingai direitos, da natureza.Da raz\u00e3o, parte sublime, sacros cultos mereciaaltos her\u00f3is adoraram, a pura ma\u00e7onaria. Ma\u00e7ons alerta, tende firmezavingai direitos, da natureza.Da raz\u00e3o, suntuoso templo, um grande rei erigia,foi ent\u00e3o institu\u00edda, a pura ma\u00e7onaria. Ma\u00e7ons alerta,&hellip;&nbsp;<a href=\"https:\/\/arlsliberdade.com.br\/?page_id=242\" rel=\"bookmark\">Continue a ler &raquo;<span class=\"screen-reader-text\">Hino Ma\u00e7\u00f4nico Brasileiro<\/span><\/a><\/p>\n","protected":false},"author":1,"featured_media":0,"parent":0,"menu_order":0,"comment_status":"closed","ping_status":"closed","template":"","meta":{"neve_meta_sidebar":"full-width","neve_meta_container":"","neve_meta_enable_content_width":"on","neve_meta_content_width":100,"neve_meta_title_alignment":"","neve_meta_author_avatar":"","neve_post_elements_order":"","neve_meta_disable_header":"","neve_meta_disable_footer":"","neve_meta_disable_title":"on","footnotes":""},"class_list":["post-242","page","type-page","status-publish","hentry"],"_links":{"self":[{"href":"https:\/\/arlsliberdade.com.br\/index.php?rest_route=\/wp\/v2\/pages\/242","targetHints":{"allow":["GET"]}}],"collection":[{"href":"https:\/\/arlsliberdade.com.br\/index.php?rest_route=\/wp\/v2\/pages"}],"about":[{"href":"https:\/\/arlsliberdade.com.br\/index.php?rest_route=\/wp\/v2\/types\/page"}],"author":[{"embeddable":true,"href":"https:\/\/arlsliberdade.com.br\/index.php?rest_route=\/wp\/v2\/users\/1"}],"replies":[{"embeddable":true,"href":"https:\/\/arlsliberdade.com.br\/index.php?rest_route=%2Fwp%2Fv2%2Fcomments&post=242"}],"version-history":[{"count":5,"href":"https:\/\/arlsliberdade.com.br\/index.php?rest_route=\/wp\/v2\/pages\/242\/revisions"}],"predecessor-version":[{"id":275,"href":"https:\/\/arlsliberdade.com.br\/index.php?rest_route=\/wp\/v2\/pages\/242\/revisions\/275"}],"wp:attachment":[{"href":"https:\/\/arlsliberdade.com.br\/index.php?rest_route=%2Fwp%2Fv2%2Fmedia&parent=242"}],"curies":[{"name":"wp","href":"https:\/\/api.w.org\/{rel}","templated":true}]}}